git of 30*1 + h + 0?
3
Suppose -2*k + 5 = 2*k + z, k - 15 = -3*z. What is the tens digit of -2 - (k - (3 + 130))?
3
Suppose -2*s + 2 = -6. Suppose 45*k - 10345 + 1660 = 0. Suppose 0 = -3*a + s*g + k, -5*a + 0*g + 337 = g. What is the units digit of a?
7
Let u(l) = l**3 + 36*l**2 - 137*l + 69. What is the hundreds digit of u(-39)?
8
Suppose -3*s + 12*s = 0. Suppose 2*q - 96 + 18 = s. What is the tens digit of q?
3
Let y(n) = -7 + 14*n + 2*n**2 - 27*n - 3*n**2. Suppose k + 0 + 5 = 0. What is the tens digit of y(k)?
3
Let r(p) = -7 - p**3 + 3*p**2 + p + 7 + 1. Let w be r(3). Suppose 2*j = -k + 4, 4*k = -k + w*j + 62. What is the tens digit of k?
1
Suppose 0 = -2*a - 5*s - 71 + 406, 2*s - 350 = -2*a. What is the units digit of a?
0
Suppose 0*d - 2*k = -5*d + 13, d - 3*k = 0. Suppose 0 = 2*x - 4*x - 5*q + 697, -2*x - d*q + 695 = 0. What is the hundreds digit of x?
3
Let q be (144/(-15))/(2/(-5)). Suppose -t + q + 56 = f, -155 = -2*t - 3*f. What is the units digit of t?
5
Suppose 0 = -51*n + 29649 - 1650. What is the units digit of n?
9
Let d = 1518 + 252. What is the tens digit of d?
7
Let b(m) = 33*m**2 + 2*m - 15. What is the tens digit of b(4)?
2
Suppose -19*l + 20*l - 32 = 0. Suppose 0 = -2*c, 5*k - 3*k = -5*c + l. What is the tens digit of k?
1
Let c = 190 + -7. What is the units digit of c?
3
Suppose 4*y = 2*h - h + 16, -4*h = -2*y - 6. What is the units digit of ((-1258)/(-51))/(h/6)?
7
Let h be ((-90)/(-12))/((-3)/(-12)*-2). Suppose 0 = -3*g - 9 - 15. Let p = g - h. What is the units digit of p?
7
Let a(y) = 2*y - 10. Let q be a(7). Suppose 5*w = 6 + q. Suppose 18 = 3*f + 5*d - 52, w*f + 3*d - 45 = 0. What is the units digit of f?
5
Suppose 5*s + a = 4155 - 558, a + 3593 = 5*s. What is the hundreds digit of s?
7
What is the tens digit of -5 - (-34 + 3 + -7)?
3
Let c = -27 - -32. Suppose -c*m + 10*m - 325 = 0. What is the units digit of m?
5
Let s be 2/3*(-30)/(-20). Let u be s/(-2)*74*-3. Let y = u - 62. What is the tens digit of y?
4
Let f(y) = -2*y**2 - 10*y - 2*y**2 - 2*y**2 + 4 + 3*y**2 + 2*y**2. Suppose 0*w = w - o + 7, 0 = 2*w + 2*o + 22. What is the units digit of f(w)?
3
Let m = 54 + -54. Suppose 3*u + m*u - 371 = w, -4*u - 5*w + 520 = 0. What is the units digit of u?
5
Suppose b + 167 = r, 3*r - 8*r = 2*b - 821. Let v = r - -9. What is the tens digit of v?
7
Suppose -5612 = -5*c + o, 3*o = 2*c + 62 - 2312. What is the thousands digit of c?
1
Suppose 5*x - 99 - 126 = -5*s, 2*x - 184 = -4*s. Suppose -2*l - 5*z = -55 - 36, -4*z = l - s. What is the units digit of l?
3
Let f = -348 - -407. What is the tens digit of f?
5
Let j = 44 - 40. Suppose -j*z = 4*b - 332, -4*z - 2*b - 338 = -8*z. Let t = -35 + z. What is the tens digit of t?
4
Suppose 0 = -3*u - 5*l + 4892, 5*l - 47 + 27 = 0. What is the hundreds digit of u?
6
Let n(i) = -i**3 + 1. Let k be 9/3 + 3*-1. Let m be n(k). What is the tens digit of (1 - m) + (4 - -17)?
2
Suppose 10*f = 4*f + 330. What is the tens digit of f?
5
Let f be 3/(-15) - (-26)/5. Suppose 3 = -f*l + 8. What is the units digit of (-13 - -6)*l/(-1)?
7
Let k = -886 - -1250. What is the hundreds digit of k?
3
Let u(t) = t**2 + 7*t - 5. Let c be u(-9). Let m(q) = q**3 - 11*q**2 - 25*q. What is the tens digit of m(c)?
1
Suppose -2*o - 2*o = -5*r + 84, 5*r + 105 = -5*o. Let t = o + 24. Suppose 8 = 5*b - 12, 0 = -2*q + t*b + 38. What is the tens digit of q?
2
Suppose -3390 = 69*a - 72*a. What is the units digit of a?
0
What is the tens digit of (-20016)/(-14) - (102/(-14) - -7)?
3
Let i(r) = 16*r - 95. What is the units digit of i(21)?
1
Let g = -1425 - -2168. What is the tens digit of g?
4
Let g be 6/(-4)*2 + -63 + 69. Suppose -g*k = -22 - 62. What is the tens digit of k?
2
Let z = -184 - -460. What is the units digit of z?
6
Suppose 4*n - 4*a - 288 = 0, 12*n + 410 = 17*n + 5*a. What is the units digit of n?
7
Suppose x + 4*k = -180, 2*k = -x - 195 + 11. Let n = -119 - x. What is the units digit of n?
9
Let v(n) = 29*n**2 + 5*n + 36. What is the hundreds digit of v(-5)?
7
Suppose -10*w - 651 + 2321 = 0. Let v = -95 + w. What is the units digit of v?
2
Suppose -5*c = w - 50, -w - 30 = -3*c - 0. Suppose n + 4*u = 17, -3*n - 2*u + c = -11. What is the units digit of 1/n + 38/10?
4
Let o = -28 - -39. Let y(f) = f - 3. What is the units digit of y(o)?
8
Let f = 118 - -75. Let x = f + -79. What is the hundreds digit of x?
1
Suppose -2*j = 5*n - 5512, 5*n - 2465 - 5813 = -3*j. What is the tens digit of j?
6
Suppose 2*g + 2*g - 4 = -4*y, -3*y - 9 = 0. Let o be (2/6)/(g/36). Suppose o*n - n - 3*k = 77, 3*n = -3*k + 123. What is the units digit of n?
0
Suppose r = -a - 139, -4*a + 2*a + 2*r = 258. Let n = -68 - a. What is the units digit of n?
6
Suppose 0 = -7*w + 4*w + 1320. What is the units digit of w?
0
Suppose -3*v + 6*v + 2*w - 217 = 0, -v - 4*w + 79 = 0. Let j = 122 - v. What is the tens digit of j?
5
Suppose 5*s - 4831 = -w, 3*s + 14457 = -156*w + 159*w. What is the hundreds digit of w?
8
Let i = 35 + -243. Let r = i - -356. What is the tens digit of r?
4
Let t be (-783)/(-54) + 1/(-2). Let p = 24 - t. What is the units digit of p?
0
Suppose -214*v + 183*v + 103292 = 0. What is the units digit of v?
2
Suppose x + 5*u - 2 = 25, x - 3*u + 13 = 0. Suppose -p - 332 = -x*w + 2*p, -2*p = 4*w - 648. What is the tens digit of w?
6
Suppose 0 = -9*b - 19*b + 22288. What is the hundreds digit of b?
7
Let u(r) = -2*r**3 + 20*r**2 - 7*r - 8. What is the units digit of u(4)?
6
Let m(o) = -o**3 - 9*o**2 + 6*o - 6. Let h be m(-9). Let i = 156 + h. What is the tens digit of i?
9
Let p(q) = 3*q**2 - 7*q + 16. Let j be p(7). Suppose -3*f - j = -4*r - f, -4*r + f = -113. What is the units digit of r?
8
Suppose -2*y = -4, -2*y - 19 = -5*u + y. Let n(z) = -z**3 + 7*z**2 + z - 8. Let x be n(7). What is the units digit of (2 + 1)*x + u?
2
Let j(a) = -9*a**3 - a**2 + 1. Let c be j(1). Let h be -1 + c - 4/2. What is the tens digit of h/(-18) + 80/6?
1
Let s be (2/4)/((-5)/120). Let a be (-2)/6 + (-244)/s. Let b = a + -11. What is the units digit of b?
9
Let l = -5 + 6. Let g be -2 + 1 + l + 1. What is the tens digit of 17/(3/(g - -2))?
1
Let f be (88/5)/(-4)*10. Let p be 1/((-8)/f)*2. Suppose p*u = 6*u + 165. What is the units digit of u?
3
What is the units digit of (6/4)/((-6)/3392*-2)?
4
Let z = -145 - -86. Let c = z - -118. What is the units digit of c?
9
Let y = -4939 - -9190. What is the hundreds digit of y?
2
Let t be 0 + 1 + 8 + -349. Let l = t - -562. What is the tens digit of l?
2
Let g be ((-2)/(-6))/((-1)/9). What is the tens digit of (g + 10)/(3*(-2)/(-42))?
4
Let u be (-15)/6*39/15*-2. Let f = 112 + u. What is the units digit of f?
5
Suppose 0 = -27*p + 42*p - 48705. What is the hundreds digit of p?
2
Let p(g) = -g**3 + 11*g**2 + 7*g - 3. Let k be p(11). Let m = -47 + k. Suppose 5*l - m = 53. What is the tens digit of l?
1
Suppose 974 = 113*b - 111*b. What is the tens digit of b?
8
Suppose -4*o - 5 = -3*o, 4*p = -3*o - 31. What is the tens digit of ((-1)/(p/12))/((-2)/(-74))?
1
Let r = -95 - -67. Let m = 78 - r. What is the tens digit of m?
0
Let h(s) = s**3 + 6*s**2 + 3. Let x be h(-6). Suppose 31 = f + 2*n, n - 2*n = x*f - 118. What is the units digit of f?
1
Suppose 5*z + 0*x - 37 = -4*x, 0 = 2*z + 2*x - 16. Suppose -3*u + 2*f + 83 + 20 = 0, -5*f = -z. What is the units digit of u?
5
Let s be ((-266)/(-35))/(2/5). Let z = s - 11. Let u(c) = c**2 + c - 11. What is the units digit of u(z)?
1
Suppose 4*p + 11 = 2*d + 37, -p - d - 1 = 0. Suppose -p*b = -9 - 7. Suppose b*o + 2*f = 78 + 70, 5*o = 5*f + 185. What is the units digit of o?
7
Let f(q) be the third derivative of -q**4/24 - 8*q**3/3 + q**2. Let w be f(11). Let l = -16 - w. What is the tens digit of l?
1
Suppose -6 = t + 4*l, 0 = -4*l + 3 - 11. Let m be ((-8)/6)/(t/(-69)). Suppose 5*n = -3*v + m, 0 = -2*n - 0*n + 4*v + 34. What is the tens digit of n?
1
Let c be -1 - -3 - -3*(-588)/9. What is the tens digit of c*((-3)/2 - -1)?
9
Let v be 1/4 + (-2)/8. Let k(w) be the first derivative of -w**2/2 + 25*w + 4. What is the units digit of k(v)?
5
Let d(p) = -2*p**3 - 11*p**2 - 10*p - 24. What is the thousands digit of d(-11)?
1
Suppose x + 3*x = 5*p + 7, 4*x + 5 = p. Let t be -1 - p - (-3 + 2). Suppose -v - 7 = -2*b, -t*b - 7 = 2*v - 0*v. What is the units digit of b?
1
Let t